8 + (-16)/4 + 6. Let t = -116 + i. What is the greatest common divisor of d and t?
38
Let a(d) = 9*d**2 - 167*d - 207. Let l be a(21). Calculate the highest common factor of l and 2010.
15
Suppose -258 = -8*q - 34. Suppose 231 = r + q. Calculate the highest common divisor of 29 and r.
29
Let f(r) = 16*r**2 + 266*r - 24. Let p be f(-20). Calculate the greatest common factor of p and 33.
33
Suppose -2*l = -3*l + 1. Let m be (16/32)/(l/(-52)). Let f = 44 + m. Calculate the highest common divisor of f and 12.
6
Suppose 2*k - 7*k = 4*u - 402, -318 = -4*k - 5*u. Let x be k/(-1)*4/(-40)*5. Calculate the greatest common factor of 656 and x.
41
Let j = 13643 + -8641. Calculate the highest common divisor of j and 82.
82
Suppose -4*d = -0*f + 2*f + 526, 3*d + 387 = f. Let n = d + 140. Let b = 26 - 16. Calculate the greatest common divisor of b and n.
10
Suppose 0 = -39*h + 134*h - 41325. Calculate the greatest common divisor of h and 750.
15
Let r(n) = 2*n**3 - 3*n**2 - n - 6. Let u(g) = g**3 - 4*g**2 - 7. Let o(m) = 4*r(m) - 3*u(m). Let a be o(3). What is the greatest common factor of 24 and a?
24
Suppose -15 = 5*t, -435 - 75 = -3*v + 4*t. Suppose 2*i = 2*l + v, 3*i - 2*l = -i + 328. Let a = 49 + -40. What is the highest common factor of a and i?
9
Let a(l) = 4*l**2 - 88*l - 1354. Let v be a(-12). What is the highest common factor of 1112 and v?
278
Let m(y) = -308*y + 1261. Let v be m(4). Let g = 18 + 76. Let b = g + -36. What is the greatest common factor of v and b?
29
Suppose -17*y + 70 = -12*y. Let k = 344 - 338. Calculate the greatest common factor of y and k.
2
Suppose 2*u - 4*m = 926, -u + 520 = -4*m + 59. Let t = u - 456. What is the highest common divisor of t and 423?
9
Suppose -20*q = 3402 - 4577 - 4825. Calculate the greatest common divisor of 1020 and q.
60
Let u(o) = -42*o**3 - 287*o**2 + 31*o - 61. Let z be u(-7). Suppose -4*r + 157 = -623. What is the greatest common divisor of r and z?
65
Suppose -5*k + 1051 = p, -p + 120 + 91 = k. Suppose -227 = -19*y + k. What is the greatest common factor of y and 23?
23
Let k(y) = 317*y + 12. Let j be k(4). Suppose -x - 2*d + d + 20 = 0, -x = -d - 20. Calculate the highest common factor of x and j.
20
Suppose 17*r - 18*r + 10 = 0. Let j(n) = n**3 - 14*n**2 - 13*n + 5. Let i be j(15). What is the highest common factor of i and r?
5
Let l(j) = 209*j + 849. Let z be l(-4). What is the highest common divisor of 1833 and z?
13
Suppose -14*z + 9*z = -240. Suppose -3*v - 2*r + 48 = -2*v, r = 4*v - 192. Calculate the highest common divisor of v and z.
48
Let b(r) = 3*r**3 - 11*r**2 + 24*r - 10. Let d be b(3). What is the greatest common factor of d and 11044?
44
Suppose -5*q + 46 = 6. Suppose -6162 = -q*x - 5*x. Suppose 4*h + 584 = 5*r + 6*h, -4*r - 5*h + x = 0. Calculate the greatest common factor of 29 and r.
29
Let p = 9503 - 7893. What is the highest common factor of p and 42?
14
Suppose -1188 = -13*t + 7*t. Let n = 362 + t. What is the greatest common factor of 80 and n?
80
Suppose l + 2 = 0, -5*x - 5*l - 1375 + 1405 = 0. What is the greatest common factor of x and 28?
4
Let w be -5*3/30*-6. Let u(c) = 4 + 9*c**2 + 3*c**w - 2*c**3 - 5*c**2 - 2*c. Let d be u(-4). Calculate the highest common factor of 4 and d.
4
Let n = 20 - 4. Suppose 0*y - 168 = -2*h + 3*y, -4*y - n = 0. Suppose 2*w = 5*g + h, -133 = -7*w + 2*w - 3*g. What is the highest common divisor of w and 29?
29
Let n = -2867 + 3813. Calculate the greatest common divisor of 258 and n.
86
Suppose p - 59 = h, 9*p - 3*h = 13*p - 187. Calculate the greatest common divisor of 10036 and p.
52
Let g(y) = -y + 1. Let x be g(1). Suppose j - 67 = -t + 110, t + 4*j - 192 = x. Suppose -9*f + 224 + t = 0. Calculate the highest common factor of 11 and f.
11
Suppose 22088 = 954*z - 932*z. What is the greatest common divisor of z and 4?
4
Let d(k) = 4*k**2 - 48*k + 333. Let w be d(-53). Calculate the highest common divisor of w and 11.
11
Suppose -616 = -11*d + 4*d. Let b be (-132)/(-6) + -13 - -563. Calculate the highest common factor of b and d.
44
Let n be (-15)/10*(88/3)/(-4). Suppose 0 = -2*l - g + 2*g - 100, 4*l = -2*g - 184. Let t be (2*66/l)/(1/(-4)). What is the highest common factor of n and t?
11
Let d = -1568 + 1586. What is the greatest common factor of d and 603?
9
Let c be (21/6 + -4)/(1/(-6)). Let r = -13 - -15. Suppose -r*i = -5*y + y - 26, 2*y - 8 = 0. What is the highest common factor of c and i?
3
Let b = -10142 + 10727. What is the greatest common divisor of b and 225?
45
Suppose 2*f = -7*s + 2*s + 803, 2*f = -2. Suppose -46*b + 44*b = -4*n + 20, 0 = -5*n - 4*b + 51. Calculate the greatest common divisor of s and n.
7
Let p = -18 + 30. Let m be 3/9*3*(p - -2). Suppose 0 = -5*k + l + 14, -2*k + 10 = -5*l - m. Calculate the greatest common divisor of k and 14.
2
Suppose -15*w + 308 = -172. Calculate the greatest common divisor of 784 and w.
16
Suppose -479*u = -507*u + 52360. Calculate the highest common factor of u and 770.
110
Let j be -6*(-5)/(-120)*0 + 45. What is the highest common divisor of 5580 and j?
45
Suppose -14*q = 20*q + 9*q - 24080. Calculate the highest common divisor of q and 315.
35
Let t(j) = 0*j**2 - 169*j**3 + 1 + 168*j**3 + j**2 + 19. Let z be t(0). Let k be (2/(-3))/((-2)/90). Calculate the greatest common divisor of k and z.
10
Let h(b) = b**3 - 27*b**2 + 135*b - 14. Let m be h(21). What is the highest common factor of 225 and m?
25
Suppose 0*r = r - 2*a - 1, -5*r + 12 = -3*a. Let f(u) = -u + 20 + r*u**2 + u**2 + 10*u - 3*u**2. Let c be f(-14). What is the highest common factor of c and 36?
18
Let h = 13758 - 13740. What is the highest common divisor of h and 8946?
18
Suppose 4*l + 223 = -1873. Let v = 809 + l. What is the highest common divisor of v and 15?
15
Suppose -19*k = -5*j - 20*k + 1883, 4*k - 746 = -2*j. What is the greatest common factor of 182 and j?
13
Suppose 0*t - 1134 = -4*t - 5*u, u = -5*t + 1428. What is the highest common factor of 407 and t?
11
Let r(t) = 6950*t**2 + 15*t + 1. Let q be r(-1). Calculate the highest common factor of q and 24.
24
Suppose -9*o = -331 - 389. Suppose -5*c + 9*c = -1260. Let k be c/(-30) + 2/(-4). Calculate the greatest common factor of k and o.
10
Suppose 7*q = -o + 2*q - 10, o - 8 = q. Let c be -7 + o + 94 - -5. What is the highest common divisor of 1261 and c?
97
Let v be 2/1 - 34/(-34). Suppose -5*u - v*f = -3182, 2*u + 5*f + 1916 = 5*u. Calculate the highest common factor of u and 91.
91
Let a = 237 - 283. Let j = 62 + a. Let p = 77 - -35. What is the greatest common divisor of j and p?
16
Let w(m) = m**3 + 2*m**2 + 33. Let p be w(0). Let k be 2*-1089*(-2)/12. Calculate the greatest common factor of p and k.
33
Let v(j) = -2*j - 3. Let i(m) = -9*m - 123. Let y(q) = 3*i(q) - 18*v(q). Let b be y(52). Let t = -11 + 113. Calculate the highest common factor of t and b.
51
Let k(v) = 3*v**2 + 52*v - 28. Let t be k(11). Let n = t + -522. Let u be (140/(-16))/(2/(-8)). Calculate the highest common factor of n and u.
35
Let z be 1/(-6) - 436/(-24). Suppose -2*j + 88 = 2*j. Suppose 2*o = 2 + j. What is the greatest common factor of z and o?
6
Suppose -27*i + 543 = -26*i - 4*g, -2859 = -5*i + 2*g. Calculate the greatest common divisor of 50 and i.
25
Let t be -4*((-4)/(-6) - (-20)/(-12)). Suppose 3*z + 15 = t*z. Suppose -17*m + z*m = -12. What is the greatest common factor of 6 and m?
6
Suppose 5*g - x - 2005 = 0, 5*g - 53*x = -55*x + 1990. Calculate the highest common divisor of g and 1520.
80
Suppose -145*u - 127*u = 16*u - 61056. Suppose 3*f = -2*z + 155, -3*z + 0*z = -4*f + 218. What is the greatest common divisor of u and f?
53
Suppose -20 = 4*n - 2*a, -5*n + 11 = -4*a + 42. Let m be (56/35)/(n/75). Let j = 110 - m. Calculate the highest common divisor of j and 100.
50
Let i = -8970 - 3210. Let a be ((-4)/(-8))/((-21)/i). Calculate the greatest common factor of 10 and a.
10
Let i(v) = -v**3 - 9*v**2 + 237*v + 2296. Let h be i(-10). What is the highest common divisor of 8047 and h?
13
Suppose 0 = -6*b + 2*b + 8. Let y = 3346 + -3341. Suppose b*p = -o + 18, y*o - 2*p - 117 = -3*p. What is the greatest common divisor of 144 and o?
24
Suppose 3*n - 76 - 39 = -4*r, n = 4*r - 127. What is the highest common factor of 992 and r?
31
Let o(l) = -l**3 - 82*l**2 - 251*l - 299. L